Let l(x) = -387*x**2 + 212*x + 5. What is l(1)?
-170
Let a(t) = 871*t - 3659. Determine a(4).
-175
Let f(r) = r**3 - 47*r**2 + 3438*r - 49762. Calculate f(17).
14
Let k(w) = 73*w**3 - 665*w**2 + 31*w + 369. Calculate k(9).
0
Let a(k) = 876*k + 13858. What is a(-16)?
-158
Let p(i) = i**3 + 246*i**2 - 336*i + 39634. Calculate p(-248).
-46
Let x(f) = 852*f + 232. Determine x(0).
232
Let v(f) = -3*f**3 - 19*f**2 + 198*f + 1760. Calculate v(-6).
536
Let b(z) = z**3 - 171*z**2 - 433*z + 157421. What is b(168)?
5
Let y(a) = -173*a - 3345. Determine y(-11).
-1442
Let a(r) = 4586*r - 4409. Give a(1).
177
Let b(i) = -i**3 + 398*i**2 - 16739*i - 332434. Calculate b(347).
-8
Let p(d) = d**3 + 67*d**2 + 7290*d + 476796. What is p(-66)?
12
Let f(c) = c**2 - 299*c + 13253. Calculate f(244).
-167
Let p(c) = 188*c**2 + 423*c + 120. What is p(-2)?
26
Let k(t) = -95*t + 6510. Give k(78).
-900
Let a(v) = 84*v + 310. Determine a(18).
1822
Let g(b) = -6*b**2 + 659*b + 475831. Determine g(-232).
-1
Let l(d) = 103732*d - 3008225. Calculate l(29).
3
Let c(o) = -801*o - 15069. What is c(-18)?
-651
Let l(r) = r**2 - 6220*r + 241068. Determine l(39).
9
Let r(s) = -375*s**2 - 8244*s + 129. Determine r(-22).
-3
Let u(d) = -2985*d**2 + 152238*d - 125. What is u(51)?
28
Let o(g) = g**3 - 1056*g**2 - 5310*g + 4495411. What is o(1057)?
-10
Let n(j) = 22409*j - 873939. Calculate n(39).
12
Let v(j) = j**3 - 19*j**2 - 142*j + 120. Determine v(-13).
-3442
Let n(k) = -4*k**2 - 3486*k - 97727. Give n(-29).
3
Let n(s) = 2499*s**2 - 129950*s + 135. Give n(52).
31
Let q(b) = -27*b**2 - 83*b - 101. Calculate q(-5).
-361
Let a(n) = -n**3 - 167*n**2 + 357*n + 3206. Give a(-169).
-5
Let f(o) = o**3 - 81*o**2 - 334*o - 211. Determine f(85).
299
Let c(m) = -27781*m - 305605. Determine c(-11).
-14
Let y(w) = 4*w**3 + 5*w**2 - 105*w - 444. Determine y(-4).
-200
Let g(x) = x**2 + 70*x + 162. Give g(-72).
306
Let q(z) = 8*z**3 + 60*z**2 + 34*z + 23. What is q(-7)?
-19
Let m(s) = -162926*s + 814629. Determine m(5).
-1
Let u(a) = -815*a - 153538. Determine u(-188).
-318
Let u(y) = 44*y**3 - 5*y**2 + 161*y - 155. Determine u(1).
45
Let v(c) = 261*c**3 - 198*c**2 + 6*c - 5. Give v(1).
64
Let h(a) = -174*a**2 + 137*a + 421. Determine h(-3).
-1556
Let d(u) = -861*u**2 + 62845*u + 599. Give d(73).
15
Let n(h) = -h**2 - 6623*h + 39774. Give n(6).
0
Let a(v) = -v**3 - 9*v**2 - 168985*v - 1351857. Give a(-8).
-41
Let t(c) = 14627*c + 1404093. Give t(-96).
-99
Let d(n) = 3319*n + 10026. Determine d(-3).
69
Let k(q) = 5*q**3 - 104*q**2 + 16*q - 74. Give k(20).
-1354
Let l(c) = 126*c + 3835. Determine l(-37).
-827
Let k(q) = 431701*q - 2590200. Calculate k(6).
6
Let x(u) = -31866*u - 2772351. What is x(-87)?
-9
Let y(t) = 1603*t + 42008. Determine y(-26).
330
Let v(d) = 27*d**2 + 7982*d + 87706. Calculate v(-11).
3171
Let w(o) = -5088*o + 2844172. Give w(559).
-20
Let q(i) = 10*i**2 + 3153*i + 83803. Determine q(-286).
5
Let a(s) = 8*s**3 + 338*s**2 - 168*s - 10583. Give a(-42).
1
Let v(x) = -x**2 + 34*x + 1005. What is v(30)?
1125
Let h(o) = -2321*o**2 - 392251*o - 368. Calculate h(-169).
-30
Let a(k) = -42*k**2 - 39*k - 4. Calculate a(-3).
-265
Let y(j) = 167*j - 15547. Give y(115).
3658
Let a(n) = 15*n**2 - 41*n + 235. Calculate a(9).
1081
Let x(p) = p**2 + 79*p - 30641. Determine x(-219).
19
Let v(s) = 1728458*s + 1728454. What is v(-1)?
-4
Let i(y) = -3*y**2 + 32*y + 15. Calculate i(8).
79
Let j(u) = -36*u**2 - 282*u + 2301. Calculate j(5).
-9
Let l(p) = 36*p**2 - 509*p + 858. Calculate l(2).
-16
Let q(s) = -56*s**2 + 769*s - 2580. Give q(8).
-12
Let o(w) = 124*w**2 - 4340*w - 7. Determine o(35).
-7
Let i(q) = -420*q**3 + 8*q - 9. Determine i(1).
-421
Let r(m) = 27005*m - 972185. Give r(36).
-5
Let s(n) = -45*n**2 - 319*n + 175. Give s(-9).
-599
Let s(b) = 6*b**3 + 15*b**2 - 121*b - 1599. Determine s(-9).
-3669
Let k(f) = -107*f**2 + 5259*f - 787. Calculate k(49).
-3
Let u(o) = -795*o - 24514. Give u(-30).
-664
Let g(h) = 691*h**3 + 30*h**2 - 23*h - 9. Calculate g(1).
689
Let u(c) = -11*c**2 - 600*c - 1983. What is u(-51)?
6
Let f(m) = -44*m**2 + 270*m + 3. Determine f(4).
379
Let a(w) = -w**3 + 97*w**2 - 2259*w - 1373. Calculate a(41).
144
Let r(v) = v**2 + 10410*v - 376096. What is r(36)?
-40
Let k(p) = p**3 + 182*p**2 + 2478*p - 405. Determine k(-15).
0
Let x(p) = -28*p**3 - 3*p**2 + 209*p - 416. Give x(2).
-234
Let z(o) = -12275*o - 24462. Determine z(-2).
88
Let v(r) = 5*r**3 + 4*r**2 - 77*r + 41. Calculate v(6).
803
Let z(v) = -v**3 - 288*v**2 + 2334*v + 340478. What is z(-292)?
6
Let m(h) = 4029*h + 112818. Calculate m(-28).
6
Let p(l) = -29*l**2 - 523*l + 2080. What is p(4)?
-476
Let z(y) = 8*y**3 - 96*y**2 - 146*y + 1762. Give z(12).
10
Let m(u) = -2*u**3 - 367*u**2 + 6158*u - 2326. Calculate m(-199).
-137
Let s(j) = 1240*j - 150056. Calculate s(121).
-16
Let p(d) = -326059*d + 7499352. Calculate p(23).
-5
Let l(u) = 11*u**3 + 178*u**2 - 11*u - 794. What is l(-16)?
-106
Let p(d) = 7*d**3 + 3973*d**2 - 5688*d + 1130. Determine p(-569).
-8
Let k(n) = -3*n**2 - 1314*n + 6610. Calculate k(5).
-35
Let l(m) = 16963*m - 1577571. Calculate l(93).
-12
Let q(z) = -158*z**2 + 709*z - 1383. What is q(2)?
-597
Let j(x) = -5999*x + 863786. Give j(144).
-70
Let r(j) = -j**3 + 30*j**2 - 165044*j + 3957603. Determine r(24).
3
Let h(x) = 17905*x - 17907. What is h(1)?
-2
Let f(l) = -77*l**2 + 490*l - 183. Calculate f(6).
-15
Let i(f) = -3192*f - 70232. What is i(-22)?
-8
Let j(q) = -847*q - 12318. Determine j(-15).
387
Let p(i) = -i**3 - 3*i**2 + 66*i + 340. What is p(-14)?
1572
Let v(x) = -2834*x + 1125012. What is v(397)?
-86
Let g(v) = -291*v - 17455. What is g(-60)?
5
Let u(g) = 7*g**3 - 294*g**2 + 248*g - 10062. Determine u(42).
354
Let k(c) = 96808*c + 580828. Give k(-6).
-20
Let g(m) = 2*m**3 - 473*m**2 + 4783*m - 8345. Determine g(226).
17
Let l(v) = 9*v**2 - 82*v - 468. What is l(-4)?
4
Let z(k) = -2*k**2 + 30*k + 935. Give z(-17).
-153
Let k(y) = -y**3 + 679*y**2 - 87539*y + 477. Determine k(506).
-29
Let n(q) = 2*q**3 - 237*q**2 - 983*q - 134. Give n(-4).
-122
Let l(q) = -2*q**2 + 457*q - 3360. Calculate l(221).
-45
Let f(s) = -180*s**2 + 99*s + 149. Calculate f(-5).
-4846
Let u(y) = y**3 + 39*y**2 + 237*y - 4. Calculate u(-14).
1578
Let y(w) = 131*w**3 - 15455*w**2 - 280*w - 8739. Determine y(118).
-7
Let f(s) = -808*s - 158522. Calculate f(-196).
-154
Let i(g) = -73*g**2 - 300*g + 277. Give i(-5).
-48
Let b(j) = -33782*j + 506752. Determine b(15).
22
Let v(z) = 3105*z + 65227. Determine v(-21).
22
Let h(a) = -a**2 + 476*a - 7365. What is h(460)?
-5
Let f(n) = 14*n**3 + 269*n**2 + 54*n - 12. Give f(-19).
45
Let l(m) = -5012*m - 25170. Calculate l(-5).
-110
Let t(g) = -1569*g**2 + 186711*g - 53. Give t(119).
-53
Let x(j) = 11013*j - 220327. Calculate x(20).
-67
Let b(i) = i**2 - 112*i - 865. Give b(119).
-32
Let s(u) = -u**3 - 86*u**2 - 333*u - 33. What is s(-4)?
-13
Let a(o) = -1256*o - 454675. What is a(-362)?
-3
Let b(z) = z**3 + 149*z**2 - 1396*z - 207976. Calculate b(-149).
28
Let z(o) = -2*o**3 - 936*o**2 + 3785*o + 4060. What is z(-472)?
-188
Let f(o) = -6268*o + 31287. Give f(5).
-53
Let u(a) = a**3 + 28*a**2 + 475*a + 8289. Calculate u(-23).
9
Let n(r) = -816*r - 148553. Calculate n(-182).
-41
Let b(x) = 5*x**3 - 124*x**2 - 27*x + 27. Determine b(25).
-23
Let f(c) = -113*c**2 - 675*c - 118. Determine f(-6).
-136
Let c(t) = -t**2 - 351*t - 5770. Determine c(-17).
-92
Let s(d) = 2*d**2 - 1151*d + 94714. Determine s(476).
-10
Let t(d) = 2*d**3 - 94*d**2 + 512*d + 1910. What is t(40)?
-10
Let w(p) = 4*p**2 + 37337*p - 973467. Give w(26).
-1
Let a(z) = -z**2 - 11126*z - 1494635. What is a(-136)?
5
Let z(f) = -100*f**3 - 177*f**2 - 203*f - 25. Determine z(-1).
101
Let q(v) = 13*v**2 + 8989*v + 98916. Calculate q(-11).
1610
Let r(g) = -2158*g - 1653047. Calculate r(-766).
-19
Let d(f) = f**3 - 903*f**2 + 9546*f + 237265. Determine d(892).
-7
Let h(r) = -7698*r + 1254906. What is h(163)?
132
Let l(w) = 29072*w - 2878114. Calculate l(99).
14
Let h(n) = 520*n + 11855. What is h(-25)?
-1145
Let z(d) = -96*d - 3656. What is z(-42)?
376
Let l(u) = 8*u**3 + 102*u**2 + 1665*u + 22003. Calculate l(-13).
20
Let h(i) = -3*i**3 + 15*i**2 - 4529*i + 8. Calculate h(0).
8
Let q(t) = 6*t**3 - 397*t**2 + 278*t 